 14*t**2 - 11*t - 10. Calculate j(13).
16
Let v(g) = 32*g + 18. What is v(-4)?
-110
Let s(h) = -h**3 + 9*h**2 + 3. Determine s(9).
3
Let z(k) = -k**2 + 17*k - 3. What is z(16)?
13
Let s(q) = q**2 - 2*q - 42. Calculate s(8).
6
Let l(h) = h**2 - 5*h + 7. Give l(2).
1
Let x(j) = -6*j**2 + 6*j + 6. Determine x(-1).
-6
Let k(w) = 2*w**3 + 8*w**2 + 3*w - 6. What is k(-5)?
-71
Let g(n) = 5*n**2 + 2*n - 5. What is g(3)?
46
Let o(y) = -y**3 + 13*y**2 + 19*y - 24. Calculate o(14).
46
Let n(a) = 3*a**2 + 30*a - 2. What is n(-10)?
-2
Let g(y) = -2*y + 23. Calculate g(7).
9
Let z(s) = s + 2. Determine z(4).
6
Let a(h) = 5*h**2 - 70*h - 71. Determine a(-1).
4
Let y(c) = 141*c - 2. Calculate y(-1).
-143
Let o(b) = 8*b**2 + b. Give o(-1).
7
Let s(n) = -7*n**2 + 6. What is s(-3)?
-57
Let x(r) = -4*r - 48. What is x(-16)?
16
Let b(q) = -q + 12. Give b(8).
4
Let b(s) = 3*s + 125. Determine b(-40).
5
Let i(n) = n**3 + n**2 - 3*n - 4. What is i(0)?
-4
Let s(r) = -3*r - 3. Calculate s(10).
-33
Let t(o) = o**3 + o**2 + 2. Give t(-2).
-2
Let f(x) = x**2 - 7*x - 19. Calculate f(-9).
125
Let w(z) = -z**3 + 2*z**2 + 2*z + 15. What is w(4)?
-9
Let p(t) = 3*t - 57. Give p(-10).
-87
Let a(t) = -2*t**3 + 14*t**2 + 18*t - 8. Determine a(8).
8
Let k(u) = -u**3 + 3*u**2 + 13*u - 3. What is k(5)?
12
Let p(x) = 9*x - 12. Give p(6).
42
Let h(v) = -2*v**3 - 3*v - 1. Give h(-3).
62
Let i(g) = -g**3 + 7*g**2 - 6*g + 2. Determine i(6).
2
Let d(x) = -6*x**2 + x + 1. Determine d(-1).
-6
Let c(g) = -g**3 + g + 8. What is c(0)?
8
Let u(h) = 10*h + 30. What is u(-6)?
-30
Let k(a) = a**3 + 7*a**2 + 8*a - 10. Determine k(-5).
0
Let v(l) = -l**2 + 25*l + 655. Calculate v(41).
-1
Let g(i) = -i**2 - 13*i - 1. Give g(-13).
-1
Let i(h) = 6*h**2 + h - 8. What is i(-4)?
84
Let q(n) = -2*n**2 - 3*n - 1. What is q(3)?
-28
Let n(l) = -2*l - 36. What is n(-15)?
-6
Let o(f) = f**3 - 12*f**2 - 15*f + 2. Give o(13).
-24
Let h(m) = m**2 + 28*m + 24. Calculate h(-27).
-3
Let i(b) = 2*b**2 - 14*b + 20. Calculate i(8).
36
Let t(x) = -x**2 - 53*x + 488. Calculate t(8).
0
Let b(j) = -j**2 - 2*j - 1. Calculate b(-4).
-9
Let n(f) = 26*f**2 - 5*f. What is n(2)?
94
Let a(g) = -g**2 + 4*g + 49. Give a(9).
4
Let d(k) = k**3 - 14*k**2 + 3. Determine d(14).
3
Let w(b) = -b**3 - b**2 + 30. Give w(0).
30
Let z(g) = -3*g**3 - g**2 - 2*g - 1. Calculate z(-1).
3
Let x(n) = -n**3 + 2*n**2 + 3. Calculate x(-2).
19
Let f(w) = w**2 - 5*w - 380. Determine f(-17).
-6
Let d(i) = i + 13. Determine d(-6).
7
Let w(x) = -2*x**2 + 57*x - 11. Determine w(28).
17
Let g(f) = f**2 - 7*f - 3. Give g(6).
-9
Let h(b) = -b**2 - 12*b + 128. Determine h(-19).
-5
Let n(g) = g**2 + 14*g + 36. Give n(-11).
3
Let o(c) = 6*c + 33. What is o(-5)?
3
Let i(p) = p**3 + 10*p**2 + 12*p + 7. What is i(-9)?
-20
Let x(o) = 36*o**2 - 3*o + 3. Determine x(1).
36
Let n(m) = 13*m - 116. Calculate n(9).
1
Let r(p) = 9*p**2 - 1. What is r(-1)?
8
Let k(l) = -l**3 + 6*l**2 - 3*l - 16. Give k(3).
2
Let r(v) = v**2 - v - 2. Give r(-2).
4
Let x(b) = -b**3 + b**2 + 5*b + 3. What is x(4)?
-25
Let n(b) = b**3 - 48*b**2 + 251*b + 55. Determine n(42).
13
Let t(m) = -m**2 - 10*m + 2. Give t(-9).
11
Let s(c) = -2*c - 7. What is s(-6)?
5
Let f(p) = p**2 - 12. Calculate f(4).
4
Let w(l) = -l**3 + 28*l**2 + 93*l + 8. Give w(31).
8
Let g(l) = 2*l**2 - 3*l + 1. Determine g(3).
10
Let u(z) = z**2 + 16*z - 54. What is u(-19)?
3
Let x(c) = c**3 - c**2 - 5*c - 2. Calculate x(-3).
-23
Let p(j) = 3*j - 34. What is p(10)?
-4
Let y(g) = -5*g - 92. What is y(-19)?
3
Let f(d) = -d**3 + 3*d**2 + 3*d - 13. Determine f(5).
-48
Let f(g) = g**3 - 3*g**2 + 9*g - 19. Give f(2).
-5
Let w(b) = -b**3 - 11*b**2 + 11*b - 4. Calculate w(-12).
8
Let b(t) = -t**2 + 6*t + 120. Give b(-9).
-15
Let x(n) = 27*n + 285. What is x(-10)?
15
Let h(a) = a**2 - 3*a - 23. Give h(8).
17
Let m(d) = -d**3 - 9*d**2 + 4*d + 30. Determine m(-9).
-6
Let a(w) = 2*w - 13. Calculate a(9).
5
Let m(g) = g**2 - 9*g - 36. What is m(12)?
0
Let m(n) = -8*n**2 + 4. Calculate m(-2).
-28
Let b(x) = 26*x**2 - x - 1. What is b(-1)?
26
Let i(a) = a**2 + 6*a - 1. What is i(-6)?
-1
Let p(t) = -30*t + 270. Determine p(9).
0
Let g(m) = -4*m + 84. Calculate g(-7).
112
Let g(p) = -p**2 - 13*p - 12. Calculate g(-12).
0
Let j(f) = f**3 + 11*f**2 + 11*f + 11. Determine j(-10).
1
Let y(c) = 26*c - 122. What is y(5)?
8
Let d(y) = 14*y + 31. Give d(-8).
-81
Let x(w) = 6*w**2 + 21*w + 7. Calculate x(-4).
19
Let g(a) = a - 12. Calculate g(6).
-6
Let a(w) = w**3 - 6*w**2 + 6*w - 3. What is a(5)?
2
Let t(m) = 5*m + 216. Give t(-41).
11
Let r(m) = 4*m**3 - 2*m**2 + 1. What is r(1)?
3
Let a(u) = -u**3 - 2*u**2 + 4*u + 4. Give a(-5).
59
Let p(y) = 22*y**3 - y**2 - 2*y + 1. Calculate p(1).
20
Let b(s) = -4*s**2 - 9*s + 16. Determine b(-4).
-12
Let h(d) = 41*d + 204. What is h(-5)?
-1
Let z(f) = -4*f - 6. What is z(-5)?
14
Let v(b) = -10*b**2 + 98*b - 3. Calculate v(10).
-23
Let w(g) = g**2 - 8*g + 15. Determine w(6).
3
Let i(y) = 14*y + 62. What is i(-4)?
6
Let a(j) = j**2 - 55. Calculate a(0).
-55
Let u(h) = -25*h + 1. What is u(-2)?
51
Let i(g) = g - 7. Give i(12).
5
Let k(i) = -16*i**2. What is k(-1)?
-16
Let q(k) = -k**3 - 12*k**2 - 3*k + 40. What is q(-12)?
76
Let l(c) = c**3 + 2*c**2 + c + 2. Determine l(-3).
-10
Let s(h) = 2*h + 10. Calculate s(-7).
-4
Let u(s) = s + 2. Give u(-7).
-5
Let u(c) = c**3 + 5*c**2 + 8*c + 3. Give u(-6).
-81
Let t(r) = 6*r**2 + 3*r + 3. Determine t(3).
66
Let o(b) = 4*b**2 + b - 28. Calculate o(0).
-28
Let s(g) = 4*g**3 + 39*g**2 + 27*g - 9. Give s(-9).
-9
Let g(a) = 2*a**3 - 4*a - 7. Calculate g(-2).
-15
Let v(o) = -5*o - 222. What is v(-44)?
-2
Let l(y) = 4*y + 19. Give l(-3).
7
Let o(h) = -h**3 - 6*h**2 - 11*h - 2. Calculate o(-5).
28
Let i(o) = -16*o + 2. Calculate i(-2).
34
Let j(k) = -33*k + 229. Calculate j(7).
-2
Let i(u) = 12*u - 246. Give i(20).
-6
Let h(s) = 2*s**3 + 2*s**2 - s - 1. What is h(-2)?
-7
Let b(i) = i**2 - 15*i - 11. What is b(16)?
5
Let d(z) = 2*z**3 - 14*z**2 + 9*z - 15. Give d(7).
48
Let y(k) = -k**3 + 7*k**2 + 11*k + 2. Calculate y(8).
26
Let n(j) = j**3 - j**2 - j + 20. Determine n(0).
20
Let r(y) = y + 25. What is r(-6)?
19
Let x(d) = -6*d - 68. What is x(-16)?
28
Let y(a) = 13*a + 5. Calculate y(-8).
-99
Let r(a) = -6*a**3 - 33*a**2 + 18*a - 2. Determine r(-6).
-2
Let t(y) = 62*y**3 - 18*y - 18. Calculate t(-1).
-62
Let f(t) = t**2 + 21*t + 95. Give f(-6).
5
Let j(i) = i**3 - 17*i**2 + 2*i - 8. What is j(17)?
26
Let y(g) = -2*g + 3. Give y(6).
-9
Let o(l) = -3*l**2 + 5*l - 4. What is o(1)?
-2
Let b(q) = q**2 - 9*q - 67. Calculate b(13).
-15
Let x(i) = -i**2 - 10*i + 8. What is x(-10)?
8
Let c(z) = z**3 - 7*z**2 - 9*z + 30. Determine c(7).
-33
Let u(i) = i**2 + 28*i - 3. Calculate u(-28).
-3
Let u(p) = 28*p + 137. Determine u(-5).
-3
Let k(j) = j**3 + 4*j**2 + 2*j - 11. Calculate k(2).
17
Let j(v) = -v**3 + 7*v**2 + 7*v - 7. Determine j(7).
42
Let q(g) = -3*g**2 - 99*g + 26. Determine q(-33).
26
Let j(d) = -d**2 - 23*d + 2. What is j(-23)?
2
Let h(y) = -y**3 + 8*y**2 - 4*y + 27. What is h(8)?
-5
Let h(d) = d - 16. Give h(25).
9
Let a(u) = 5*u + 19. What is a(-5)?
-6
Let f(x) = -2*x**3 + 2*x**2 + 2*x - 2. Calculate f(3).
-32
Let b(s) = 88*s - 437. Determine b(5).
3
Let p(z) = z**3 + 11*z**2 + 8*z - 22. Give p(-10).
-2
Let i(h) = h**3 - 8*h**2 + 8*h - 6. What is i(7)?
1
Let l(m) = -10*m - 69. Give l(-9).
21
Let g(j) = -j**2 + 4*j + 29. Calculate g(8).
-3
Let a(q) = -q**3 - 6. Determine a(0).
-6
Let q(z) = 33*z**2 + 1. Determine q(1).
34
Let l(r) = r**2 - 13*r - 13. Calculate l(12).
-25
Let y(c) = c**3 - 14*c**2 - 16*c + 3. What is y(15)?
-12
Let z(u) = u**2 - 10*u + 20. What is z(8)?
4
Let x(h) = h**2 + 7*h - 100. What is x(7)?
-2
Let s(f) = 2*f**3 + 92*f**2 + 4*f + 194. Determine s(-46).
10
Let j(s) = -s**2 + 9*s + 24. Calculate j(11).
2
Let z(w) = -w**3 + 12*w**2 + 25*w + 34. Give z(14).
-8
Let f(k) = -k**2 - 15*k + 111. Calculate f(-21).
-15
Let w(a) = a - 6. Calculate w(10).
4
Let u(v) = 3*v - 26. Determine u(10).
4
Let m(y) = 3*y**2 - y + 1. Calculate m(-1).
5
Let w(r) = -r + 38. Determine w(26).
12
Let q(u) = 9*u - 13. Calculate q(2).
5
Let r(n) = n**3 + 8*n**2 - 22*n - 23. Calculate r(-10).
-3
Let j(x) = x**2 + 20*x + 29. What is j(-19)?
10
Let k(d) = -14*d + 12. Calculate k(1).
-2
Let